2 + 2*r - 1. Let m be u(-2). Let y = m - -27. Let p = 2 - y. What are the prime factors of p?
2, 7
Suppose -4*u = -5*j + 171, -4*j + 5*j - 51 = 5*u. Suppose -2*n + 4*o + 11 = -5*n, -4*n - 2*o = -2. Let l = j - n. What are the prime factors of l?
2, 7
Let c(l) = 36 + 3*l + 18 - 35. What are the prime factors of c(6)?
37
Suppose -100 - 120 = -4*k - 5*y, -y = k - 55. Suppose b = 3*u + k + 92, 0 = 2*b - 5*u - 294. Suppose -31 + b = 4*c. What are the prime factors of c?
29
Let a be 10 + -1 + 3 + 1. Let t = a - 9. Suppose 0*q + q = t*c - 26, -3*c + 26 = -4*q. What are the prime factors of c?
2, 3
Suppose -y = -27*s + 23*s + 9054, 4*y = -4*s + 9064. What are the prime factors of s?
2, 283
Suppose -3520 = -13*h + 8*h + x, -2*x = -10. List the prime factors of h.
3, 5, 47
Let a(n) = -n**3 + 3*n**2 - 19*n - 17. What are the prime factors of a(-5)?
2, 139
Let a = 304 - 252. List the prime factors of a.
2, 13
Suppose -1934 = -17*x + 1007. What are the prime factors of x?
173
Let z be 14/21 - 314/3. List the prime factors of (z/(-14))/(6/21).
2, 13
Suppose 0 = o - 1, 3*q - 4*o = 77. Let u = q + -22. List the prime factors of u.
5
Suppose 2*i = -30 + 4. Suppose 0 = f, -4*f - 2 = -u + 2. Let q = u - i. List the prime factors of q.
17
Suppose 0 = -5*h + 8 - 28. Let d(m) = -7*m**2 + m - 1 + 10 + 12*m**2 - 2*m**2. What are the prime factors of d(h)?
53
Let n(j) = -j**3 - 96*j**2 + 85*j**2 - 2*j + 1 + 7. What are the prime factors of n(-12)?
2, 11
Suppose -3*a - 64 = -2*r, r + 0*r = -4. Let x = 11 - a. What are the prime factors of x?
5, 7
Suppose 2*m + 2*m = -2*b + 14, -5*b + 11 = 2*m. What are the prime factors of m/(-6*1/(-134))?
67
Let k = 14 - 4. Let w = -10 + k. Suppose w = -5*o + 38 + 97. What are the prime factors of o?
3
Let q(p) = 3*p + 9. Let c be q(7). Suppose 5*h - 6*h = -c. List the prime factors of h.
2, 3, 5
Suppose 0 = x + 3*z - 54, 0 = 2*x + 3*z - 43 - 53. Suppose 5*o - 923 = x. What are the prime factors of o?
193
Let c = 343 + -198. Suppose -40 = -r + y + y, y + c = 3*r. List the prime factors of r.
2, 5
Suppose 32*t - 55887 = 49201. What are the prime factors of t?
2, 821
Suppose -7*d - 25 = 17. Let z(i) = i**3 + 8*i**2 + 4*i + 4. List the prime factors of z(d).
2, 13
Let w(q) = q**3 + 2*q**2 + 2*q + 3. Let r be w(-2). What are the prime factors of (-2)/(r/25 - 0)?
2, 5
Let f be ((-17)/(-34))/((-2)/24). Let n be (130/(-39))/((-4)/f). What are the prime factors of (180/(-8))/n*8?
2, 3
Suppose -v + 383 = 2*r - 4*v, -v = r - 184. What are the prime factors of r?
11, 17
Let u = 100 - -1575. What are the prime factors of u?
5, 67
Suppose 6*y = 8*y - 1080. What are the prime factors of y?
2, 3, 5
Let z = 170 + -185. What are the prime factors of (-20)/z*1305/6?
2, 5, 29
Let n = 397 - 31. Let g = -254 + n. List the prime factors of g.
2, 7
Suppose -48*n = -7816 - 1400. List the prime factors of n.
2, 3
Let i(y) = -2*y**2 - 130*y - 26. List the prime factors of i(-20).
2, 887
Suppose -354 = 3*i - 4*i. List the prime factors of i.
2, 3, 59
List the prime factors of (-58)/580 - 6851/(-10).
5, 137
Let f be 1/(-5) - (-6)/30. Suppose t - 102 + 34 = f. Let j = -7 + t. What are the prime factors of j?
61
Let d be (36 - 0) + (1 - 1). Let n be (1 + (-6)/4)*36. Let l = n + d. List the prime factors of l.
2, 3
Suppose -109*x + 112*x - 4919 = -4*h, -3*x + 4955 = -5*h. List the prime factors of x.
5, 7, 47
Let f = 1129 - -1949. What are the prime factors of f?
2, 3, 19
Let i be (0 - 16)*(-6 + 3). Let g = 96 - i. List the prime factors of g.
2, 3
Let s(p) = 485*p + 11. What are the prime factors of s(1)?
2, 31
Let h = 10 - 7. Let u be (2/h)/((-12)/(-90)). Suppose -u*d = c - 34, -2*d - c + 3*c = -4. List the prime factors of d.
2, 3
Let c = 2322 - -254. List the prime factors of c.
2, 7, 23
Let n be -21 + 1 - (3 - 4). What are the prime factors of (-11 - n)*(9 + -2 - -2)?
2, 3
Suppose -5*v = 22 - 2. Let h be ((-9)/(-3))/(6/(-16)). List the prime factors of (h/(-4))/(-2)*v.
2
Suppose 0 = -2*w - 4 - 22. What are the prime factors of 2 - (w - (-4)/2)?
13
Suppose -10*d = 2*d + 72. Let g(k) = -2*k**3 - 7*k**2 - 4*k. What are the prime factors of g(d)?
2, 3, 17
Let h = -9 + 8. What are the prime factors of (-266)/(-4) - h/2?
67
What are the prime factors of (-420)/(-8)*160/12?
2, 5, 7
Suppose 4*x + b - 4*b - 53 = 0, -4*x + 59 = -5*b. Let c = x + -6. Suppose 0 = -c*n - 37 + 107. What are the prime factors of n?
2, 7
Let q(d) = d**3 - 7*d**2 - 36*d - 4. List the prime factors of q(11).
2, 3, 7
Suppose 2*f - 2576 = -12*f. What are the prime factors of f?
2, 23
Let j(s) = s**3 - 6*s**2 - 6*s + 12. Let r be j(8). Suppose 2*y - r = y. Suppose -t = 5*a - y, -a - 4*t = 2*a - 62. What are the prime factors of a?
2, 3
Let k(c) = -2*c**3 - 3*c**2 + c - 1. Let x = 5 + 9. Let o = 11 - x. What are the prime factors of k(o)?
23
Suppose -10*o + o = -198. List the prime factors of (o/8)/(4/112).
7, 11
Let w = 66 + -61. Suppose 602 = w*j - 138. What are the prime factors of j?
2, 37
What are the prime factors of 2589 + -7 + 10 + (0 - 0)?
2, 3
Let r(m) = m**2 + 2. Let j(c) = -4*c**2 + 8*c + 21. Let h(p) = -j(p) + 2*r(p). What are the prime factors of h(6)?
151
Let n = 3954 + -1534. What are the prime factors of n?
2, 5, 11
Suppose -532 - 1792 = -2*g. What are the prime factors of g?
2, 7, 83
Let k(w) = 8*w**2 + 3 + 2*w - 1 - 15*w**2 + 6*w**2. Let c be k(3). List the prime factors of ((-6)/4)/(c/24).
2, 3
Let b(c) be the third derivative of 1/6*c**3 - 1/60*c**5 + 0 + 0*c - 7/40*c**6 - 3*c**2 + 0*c**4. What are the prime factors of b(-1)?
3, 7
Let i = -27 - -29. Let k(y) = 14*y**3 + 2*y**2 + 2*y - 4. What are the prime factors of k(i)?
2, 3, 5
List the prime factors of (-5528)/(-18) + 16/18 + -1.
307
Let h(n) = -2*n**3 + n**2 + 3*n + 3. Let r(o) = 2*o + 6 - 2 + 6 + 2. Let j be r(-7). List the prime factors of h(j).
17
Let s(b) = b**2 + 10*b - 10. Let u be s(-11). Let r be (u + -2)/(3/(-6)). List the prime factors of (-1)/(2 - 3)*r.
2
Suppose 5*l = 2*s - 11060, 5*s - s - 22172 = -3*l. What are the prime factors of s?
2, 5, 277
Suppose 2*j = -0*j. Suppose j*o - 34 = -o. List the prime factors of o.
2, 17
Suppose 5*p + 2*i = -500, 0*p - 3*p - 3*i = 309. Let t = p - -229. List the prime factors of t.
131
Suppose -6*z - 4483 = -11*z - 3*x, -5*z = x - 4481. List the prime factors of z.
2, 7
Let c be (-64)/(-14) + 4/(-7). Suppose -3 + 5 = c*s - 2*b, -2*s + 5*b = 11. Suppose 0 = s*v + d - 25, 3*v = 3*d + 32 - 8. What are the prime factors of v?
11
Let i = -289 + 1313. What are the prime factors of i?
2
Suppose v + f = -0*v + 175, 5*v - 871 = -3*f. Suppose -4*s + 335 = -5*i, 3*i + 249 + v = 5*s. List the prime factors of s.
5, 17
Let y = -12 + 18. Suppose -255 = -y*t - 9. List the prime factors of t.
41
Let r be 4/(((-6)/9)/((-6)/9)). What are the prime factors of r/((-8)/(-6)) + 50?
53
Let a = 51 - 48. List the prime factors of -1*3 - (a + -48).
2, 3, 7
What are the prime factors of ((-54)/3)/((-242)/34 - -7)?
3, 17
Suppose 12*y = 9*y - 9. Let u be (-4)/4*-57 + y. Let j = u - 19. List the prime factors of j.
5, 7
Let j(u) = 6*u**2 - 8*u**2 + 1 + 2*u + 9*u**2 + 0*u. Let c be j(-1). Suppose -2*i = -c*i + 36. List the prime factors of i.
3
Suppose 23*u = 22*u - 11. List the prime factors of (-3)/((-36)/94) + u/(-66).
2
Let w = -90 - -98. Suppose 185 - w = b. List the prime factors of b.
3, 59
Suppose 2*z + 81 = 235. List the prime factors of (66/z)/((-1)/(-77)).
2, 3, 11
Suppose 0 = -14*h + 4365 + 1879. List the prime factors of h.
2, 223
Let k(m) be the first derivative of m**4/4 - 3*m**2 + 3*m + 7. What are the prime factors of k(5)?
2, 7
Suppose 5*s - 4*v = 27, -4*v + 8 = -3*s + 29. Suppose -4*x + 700 = 3*h, -3*h - 537 = -s*x + 9. List the prime factors of x.
2, 89
Suppose -5*f + 2*z - 27 = 155, -122 = 3*f + 2*z. Suppose m + 31 = 2*y + 2*y, -80 = 5*m - 5*y. Let p = m - f. What are the prime factors of p?
3
Suppose 508 = -2*k + 1548. List the prime factors of k.
2, 5, 13
Suppose -8*d + 6*d - 3*x - 6 = 0, 3*d - 21 = 3*x. Let f(n) = -60*n - 18. Let o(z) = 20*z + 6. Let h(g) = 5*f(g) + 16*o(g). What are the prime factors of h(d)?
2, 3, 11
Let s be (2 + (-6)/2)*-4. Suppose 4*x = 4*n - 176, -n = s*x + 2*n + 176. What are the prime factors of (-24)/6 + x/(-1)?
2, 5
Suppose -5*v + 8 = -2. Let d(n) = -